{"id":124,"date":"2023-01-03T21:25:42","date_gmt":"2023-01-03T21:25:42","guid":{"rendered":"https:\/\/bonton.maniarysowania.pl\/?page_id=124"},"modified":"2023-01-10T17:12:59","modified_gmt":"2023-01-10T17:12:59","slug":"warsztaty-online","status":"publish","type":"page","link":"https:\/\/bonton.maniarysowania.pl\/index.php\/warsztaty-online\/","title":{"rendered":"Warsztaty online"},"content":{"rendered":"\n<p>Trwaj\u0105 12 godzin dydaktycznych, prowadzone s\u0105 w systemie 2 dniowym (pi\u0105tek\/sobota) ,  lub mo\u017cemy si\u0119 um\u00f3wi\u0107 na jaki\u015b inny wariant.<\/p>\n\n\n\n<p>Uczestnicy otrzymuj\u0105 link do spotkania na wybranej platformie komunikacyjnej.<\/p>\n\n\n\n<p>Uczestnicy otrzymuj\u0105  materia\u0142y  w formie plik\u00f3w pdf a na zako\u0144czenie szkolenia za\u015bwiadczenie o uczestnictwie.<\/p>\n\n\n\n<p>W programie jest cz\u0119\u015b\u0107 wyk\u0142adowa, w czasie kt\u00f3rej anga\u017cujemy uczestnik\u00f3w do dzia\u0142ania poprzez prac\u0119 w grupach, prezentujemy wiedz\u0119 w formie wyk\u0142adu i film\u00f3w .<\/p>\n\n\n\n<p>Praca w grupach jest prezentowana na wsp\u00f3lnym ekranie i jest mo\u017cliwo\u015b\u0107 rozm\u00f3w i udzielania, w r\u00f3\u017cnej formie, informacji zwrotnej.<\/p>\n\n\n\n<p><\/p>\n\n\n\n<h4 class=\"has-bg-color has-accent-background-color has-text-color has-background wp-block-heading\">Oto kilka opinii po warsztatach, kt\u00f3re si\u0119 odby\u0142y:<\/h4>\n\n\n\n<blockquote class=\"wp-block-quote is-layout-flow wp-block-quote-is-layout-flow\">\n<p>Wszystkie punkty bardzo przydatne, super, \u017ce pojawi\u0142y si\u0119 filmiki z Waszych zaj\u0119\u0107, co innego us\u0142ysze\u0107, poczyta\u0107 a co innego zobaczy\u0107 faktyczn\u0105 reakcj\u0119 dzieci i us\u0142ysze\u0107 Wasze komunikaty do dzieci i reakcje na r\u00f3\u017cne sytuacje<\/p>\n<\/blockquote>\n\n\n\n<blockquote class=\"wp-block-quote has-text-align-left is-layout-flow wp-block-quote-is-layout-flow\">\n<p>Wszystko. Pozna\u0142am teoretyczne podstawy za\u0142o\u017ce\u0144 A. Goldsteina, podoba\u0142a mi si\u0119 praca zespo\u0142owa, podzia\u0142 umiej\u0119tno\u015bci i ich dopasowanie, \u0107wiczenie rysowania postaci.<\/p>\n<\/blockquote>\n\n\n\n<blockquote class=\"wp-block-quote is-layout-flow wp-block-quote-is-layout-flow\">\n<p>Trudny wyb\u00f3r, wszystko ! Teatrzyki jednominutowe, rysowanie umiej\u0119tno\u015bci spo\u0142ecznych, sytuacji, krok\u00f3w &#8211; jako utrwalanie, zabawy ruchowe- do utrwalania pozytywnych zachowa\u0144,  praca w grupach.<\/p>\n<\/blockquote>\n\n\n\n<blockquote class=\"wp-block-quote is-layout-flow wp-block-quote-is-layout-flow\">\n<p>Chcia\u0142am si\u0119 tylko podzieli\u0107 wra\u017ceniami o pierwszych zaj\u0119ciach z Bon tonu z moimi 3-latkami, zacz\u0119li\u015bmy od przepraszania i by\u0142am w szoku &#8211; WYSZ\u0141O SUPER!!!!!!! jak One si\u0119 wkr\u0119ci\u0142y w temat, jak ci\u0105gle w zabawach dowolnych bawi\u0142y si\u0119 w zaprezentowan\u0105 scenk\u0119, jak si\u0119 dopytywa\u0142y po jakim\u015b niemi\u0142ym zdarzeniu &#8222;jak mog\u0119 to powiedzie\u0107, \u017ce za co przepraszam&#8221;&#8230;jak por\u00f3wnywa\u0142y swoje miny z minami ludzik\u00f3w z narysowanych krok\u00f3w&#8230;.naprawd\u0119 to przesz\u0142o moje naj\u015bmielsze oczekiwania&#8230;a to dopiero 3 latki :)Tak\u017ce teraz w pe\u0142ni \u015bwiadomie m\u00f3wi\u0119 &#8211; DZI\u0118KUJ\u0118 ZA WARSZTATY!<\/p>\n<\/blockquote>\n","protected":false},"excerpt":{"rendered":"<p>Trwaj\u0105 12 godzin dydaktycznych, prowadzone s\u0105 w systemie 2 dniowym (pi\u0105tek\/sobota) , lub mo\u017cemy si\u0119 um\u00f3wi\u0107 na jaki\u015b inny wariant. Uczestnicy otrzymuj\u0105 link do spotkania na wybranej platformie komunikacyjnej. Uczestnicy otrzymuj\u0105 materia\u0142y w formie plik\u00f3w pdf a na zako\u0144czenie szkolenia za\u015bwiadczenie o uczestnictwie. W programie jest cz\u0119\u015b\u0107 wyk\u0142adowa, w czasie kt\u00f3rej anga\u017cujemy uczestnik\u00f3w do dzia\u0142ania [&hellip;]<\/p>\n","protected":false},"author":1,"featured_media":0,"parent":0,"menu_order":0,"comment_status":"closed","ping_status":"closed","template":"","meta":{"footnotes":""},"_links":{"self":[{"href":"https:\/\/bonton.maniarysowania.pl\/index.php\/wp-json\/wp\/v2\/pages\/124"}],"collection":[{"href":"https:\/\/bonton.maniarysowania.pl\/index.php\/wp-json\/wp\/v2\/pages"}],"about":[{"href":"https:\/\/bonton.maniarysowania.pl\/index.php\/wp-json\/wp\/v2\/types\/page"}],"author":[{"embeddable":true,"href":"https:\/\/bonton.maniarysowania.pl\/index.php\/wp-json\/wp\/v2\/users\/1"}],"replies":[{"embeddable":true,"href":"https:\/\/bonton.maniarysowania.pl\/index.php\/wp-json\/wp\/v2\/comments?post=124"}],"version-history":[{"count":4,"href":"https:\/\/bonton.maniarysowania.pl\/index.php\/wp-json\/wp\/v2\/pages\/124\/revisions"}],"predecessor-version":[{"id":341,"href":"https:\/\/bonton.maniarysowania.pl\/index.php\/wp-json\/wp\/v2\/pages\/124\/revisions\/341"}],"wp:attachment":[{"href":"https:\/\/bonton.maniarysowania.pl\/index.php\/wp-json\/wp\/v2\/media?parent=124"}],"curies":[{"name":"wp","href":"https:\/\/api.w.org\/{rel}","templated":true}]}}